
5
What is the ten thousands digit of 754662868?
6
What is the hundreds digit of 118021671?
6
What is the hundred millions digit of 1023758348?
0
What is the ten millions digit of 209589754?
0
What is the tens digit of 79619905?
0
What is the thousands digit of 35337855?
7
What is the hundreds digit of 92445358?
3
What is the ten millions digit of 613844105?
1
What is the thousands digit of 1056339557?
9
What is the millions digit of 1760646255?
0
What is the ten thousands digit of 309468463?
6
What is the tens digit of 157677294?
9
What is the thousands digit of 183187346?
7
What is the ten thousands digit of 116125958?
2
What is the thousands digit of 1176221246?
1
What is the thousands digit of 1371582860?
2
What is the hundred millions digit of 907135523?
9
What is the units digit of 214470950?
0
What is the thousands digit of 23153805?
3
What is the ten thousands digit of 914955645?
5
What is the units digit of 151909663?
3
What is the millions digit of 102595140?
2
What is the units digit of 737325384?
4
What is the hundred millions digit of 4803134547?
8
What is the ten thousands digit of 4452708027?
0
What is the hundred millions digit of 275700504?
2
What is the hundred thousands digit of 51732631?
7
What is the tens digit of 52445142?
4
What is the thousands digit of 1238139119?
9
What is the ten thousands digit of 134393625?
9
What is the tens digit of 3818653262?
6
What is the thousands digit of 4452479?
2
What is the hundred millions digit of 4756812623?
7
What is the millions digit of 220885212?
0
What is the thousands digit of 3768251418?
1
What is the billions digit of 6340783672?
6
What is the hundred millions digit of 812873874?
8
What is the ten thousands digit of 55299917?
9
What is the ten thousands digit of 86745643?
4
What is the ten thousands digit of 34080566?
8
What is the thousands digit of 1531365064?
5
What is the hundred thousands digit of 113023219?
0
What is the millions digit of 3090179765?
0
What is the thousands digit of 6754147693?
7
What is the tens digit of 68974163?
6
What is the hundred thousands digit of 325526754?
5
What is the ten thousands digit of 235902938?
0
What is the ten thousands digit of 1140571270?
7
What is the billions digit of 1235405708?
1
What is the thousands digit of 100490132?
0
What is the hundreds digit of 93906039?
0
What is the ten millions digit of 5779172866?
7
What is the thousands digit of 42634831?
4
What is the units digit of 600548567?
7
What is the hundred thousands digit of 68056966?
0
What is the tens digit of 1834728617?
1
What is the thousands digit of 31224848?
4
What is the ten thousands digit of 42988802?
8
What is the hundreds digit of 16873903?
9
What is the units digit of 1799838763?
3
What is the billions digit of 1109755652?
1
What is the hundreds digit of 5725645?
6
What is the units digit of 1770478913?
3
What is the units digit of 124305596?
6
What is the ten thousands digit of 59064119?
6
What is the ten millions digit of 2967265157?
6
What is the billions digit of 1302051846?
1
What is the hundreds digit of 110002950?
9
What is the ten millions digit of 135271295?
3
What is the hundreds digit of 3240353875?
8
What is the thousands digit of 3179865622?
5
What is the millions digit of 154265091?
4
What is the ten thousands digit of 262528321?
2
What is the hundred thousands digit of 3082173789?
1
What is the ten thousands digit of 14756536?
5
What is the hundreds digit of 13274496?
4
What is the units digit of 431105287?
7
What is the units digit of 806661054?
4
What is the tens digit of 117597206?
0
What is the thousands digit of 232627401?
7
What is the ten thousands digit of 63833646?
3
What is the units digit of 1489956498?
8
What is the tens digit of 390417660?
6
What is the thousands digit of 2372981609?
1
What is the hundreds digit of 1579869758?
7
What is the hundred thousands digit of 152281220?
2
What is the hundred millions digit of 632520523?
6
What is the tens digit of 88654062?
6
What is the ten thousands digit of 58712265?
1
What is the hundred thousands digit of 3732063612?
0
What is the hundred millions digit of 2047870302?
0
What is the ten thousands digit of 466872146?
7
What is the units digit of 936276304?
4
What is the hundred thousands digit of 1983933256?
9
What is the units digit of 53533392?
2
What is the tens digit of 991581291?
9
What is the ten millions digit of 5084040831?
8
What is the hundreds digit of 10047365?
3
What is the hundred thousands digit of 430796631?
7
What is the tens digit of 326057539?
3
What is the hundreds digit of 5862259357?
3
What is the tens digit of 432467092?
9
What is the thousands digit of 29689475?
9
What is the hundred thousands digit of 830234088?
2
What is the thousands digit of 20874725?
4
What is the ten millions digit of 2220121104?
2
What is the ten millions digit of 2931124858?
3
What is the tens digit of 93971186?
8
What is the hundred thousands digit of 1123149097?
1
What is the ten millions digit of 288365605?
8
What is the hundreds digit of 1981095403?
4
What is the millions digit of 46092949?
6
What is the hundreds digit of 110433261?
2
What is the hundred thousands digit of 692095679?
0
What is the hundred millions digit of 162437815?
1
What is the hundred thousands digit of 1230388594?
3
What is the hundreds digit of 58590962?
9
What is the units digit of 5573221983?
3
What is the hundreds digit of 946323684?
6
What is the tens digit of 1757716163?
6
What is the ten millions digit of 1107748689?
0
What is the units digit of 325418831?
1
What is the units digit of 204092449?
9
What is the ten thousands digit of 2703461639?
6
What is the ten millions digit of 399143681?
9
What is the millions digit of 12524167?
2
What is the hundreds digit of 1721450068?
0
What is the hundred millions digit of 797788597?
7
What is the units digit of 61376346?
6
What is the tens digit of 116582769?
6
What is the hundred thousands digit of 55108543?
1
What is the hundreds digit of 742921399?
3
What is the ten thousands digit of 14154438?
5
What is the units digit of 352928894?
4
What is the ten thousands digit of 580727703?
2
What is the tens digit of 150321930?
3
What is the ten thousands digit of 13130789?
3
What is the millions digit of 20906022?
0
What is the tens digit of 19482197?
9
What is the hundreds digit of 478750801?
8
What is the ten thousands digit of 556259?
5
What is the thousands digit of 175008861?
8
What is the ten thousands digit of 503812323?
1
What is the units digit of 136155649?
9
What is the millions digit of 205561314?
5
What is the ten millions digit of 6742227371?
4
What is the hundred thousands digit of 101919650?
9
What is the ten thousands digit of 31860218?
6
What is the millions digit of 1118859559?
8
What is the millions digit of 26279720?
6
What is the hundreds digit of 85464287?
2
What is the thousands digit of 76269017?
9
What is the tens digit of 958195920?
2
What is the hundred millions digit of 461708104?
4
What is the ten thousands digit of 2005942580?
4
What is the hundred millions digit of 311460510?
3
What is the ten thousands digit of 315959409?
5
What is the ten thousands digit of 442295764?
9
What is the ten thousands digit of 96597914?
9
What is the units digit of 3754806553?
3
What is the tens digit of 61948668?
6
What is the hundreds digit of 2552278475?
4
What is the ten millions digit of 31475958?
3
What is the tens digit of 170040920?
2
What is the units digit of 63672924?
4
What is the hundred thousands digit of 775400112?
4
What is the tens digit of 5014268530?
3
What is the ten millions digit of 245928082?
4
What is the hundreds digit of 2487499298?
2
What is the ten thousands digit of 59032051?
3
What is the ten thousands digit of 92531958?
3
What is the hundreds digit of 573686884?
8
What is the hundreds digit of 1040919981?
9
What is the thousands digit of 191582983?
2
What is the hundreds digit of 1119655767?
7
What is the billions digit of 1580047578?
1
What is the millions digit of 1646824104?
6
What is the ten thousands digit of 1642564324?
6
What is the units digit of 33686997?
7
What is the hundreds digit of 1166107212?
2
What is the tens digit of 88088827?
2
What is the hundred thousands digit of 5239908000?
9
What is the hundred thous